 - 45. Calculate j(-57).
12
Let j(q) = 22*q + 9. Give j(-3).
-57
Let j(i) = -4*i + 309. Determine j(31).
185
Let b(o) = 20*o - 694. Calculate b(37).
46
Let d(a) = -a**2 + 25*a + 1174. Give d(-24).
-2
Let g(l) = -l**2 + 44*l + 794. Give g(-13).
53
Let p(h) = -646*h - 421. What is p(-1)?
225
Let b(p) = p + 40. Determine b(-36).
4
Let i(j) = -j**3 + 9*j**2 - 4*j + 15. Calculate i(7).
85
Let q(y) = 195*y - 1024. Calculate q(5).
-49
Let s(n) = -n**2 - 15*n - 24. Calculate s(-13).
2
Let w(m) = 3*m**3 - 38*m**2 + 27*m - 51. Give w(12).
-15
Let m(o) = o**3 + 52*o**2 - 620*o + 7. What is m(-62)?
7
Let y(j) = -23*j**2 + 558*j - 170. Give y(24).
-26
Let p(k) = 3*k**2 + 79*k - 1525. Determine p(13).
9
Let z(h) = -113*h - 1382. Give z(-13).
87
Let o(t) = 136*t + 6738. What is o(-50)?
-62
Let y(u) = u**3 + 58*u**2 + 521*u + 422. Determine y(-10).
12
Let y(a) = a**2 - 18*a + 86. Calculate y(12).
14
Let i(d) = d**3 + 36*d**2 + 11*d + 285. Determine i(-36).
-111
Let h(n) = 17*n - 33. What is h(-6)?
-135
Let x(p) = p**3 - 9*p**2 + 28*p - 66. Calculate x(8).
94
Let f(a) = a**3 - 7*a**2 - 22*a - 2. Determine f(-3).
-26
Let c(w) = 47*w**2 - 943*w + 63. Calculate c(20).
3
Let h(n) = n**3 - 43*n**2 + 40*n + 67. What is h(42)?
-17
Let n(l) = -8*l**3 - l**2 - l - 4. Calculate n(-2).
58
Let w(v) = 5*v - 35. Calculate w(-22).
-145
Let x(y) = 2*y**2 - 21*y - 375. Give x(21).
66
Let z(l) = -311*l - 14620. Give z(-47).
-3
Let n(l) = -l**2 + 26*l - 100. Determine n(30).
-220
Let z(c) = -c**3 - 32*c**2 - 8*c - 301. What is z(-32)?
-45
Let k(z) = -5*z**2 + 178*z - 842. Determine k(30).
-2
Let y(t) = -15*t - 180. What is y(8)?
-300
Let h(q) = q**3 - 7*q**2 - 394*q + 1986. Give h(5).
-34
Let x(i) = -i**2 + 224*i + 1167. What is x(-5)?
22
Let c(p) = 20*p**3 + 81*p**2 - 160*p - 1. Determine c(2).
163
Let i(d) = 3*d**3 - 26*d**2 - 24*d - 3. Give i(10).
157
Let n(r) = -250*r - 643. Determine n(-3).
107
Let d(u) = -4*u**3 + 18*u**2 - 15*u + 12. Give d(6).
-294
Let v(q) = -q**2 + 3057*q + 55361. Determine v(-18).
11
Let b(z) = 93*z + 207. Calculate b(-3).
-72
Let b(j) = -j**3 - 3*j**2 + 49*j + 12. Give b(0).
12
Let v(c) = 17*c**2 + 96*c + 110. Determine v(-3).
-25
Let q(w) = -2*w**2 - 581*w - 7771. Determine q(-14).
-29
Let h(g) = -g**2 + 23*g - 93. Calculate h(6).
9
Let m(z) = 12*z**2 + 374*z + 38. Give m(-31).
-24
Let b(o) = -o**2 + 854*o + 9511. Give b(-11).
-4
Let z(p) = -55*p - 720. What is z(-12)?
-60
Let m(o) = o**3 - 8*o + 57. Determine m(0).
57
Let t(c) = 4*c**2 - 52*c + 146. What is t(9)?
2
Let k(o) = 30*o - 3155. What is k(105)?
-5
Let t(y) = y**2 - 48*y + 535. Calculate t(18).
-5
Let y(x) = -694*x + 3464. Determine y(5).
-6
Let m(d) = 51*d**2 + 347*d + 1. What is m(-7)?
71
Let v(d) = 3*d**2 + 168*d - 1366. What is v(9)?
389
Let z(q) = q**2 - 12*q - 181. Determine z(16).
-117
Let u(v) = -705*v - 29601. Determine u(-42).
9
Let y(j) = 115*j**2 + 1260*j - 62. Calculate y(-11).
-7
Let b(a) = -432*a - 4346. Give b(-10).
-26
Let s(a) = a**2 - 80*a + 1459. Calculate s(52).
3
Let g(h) = -h**3 - 83*h**2 - h - 48. What is g(-83)?
35
Let p(n) = n**2 + 33*n + 189. Determine p(-23).
-41
Let i(c) = -c**3 - 27*c**2 - 21*c + 205. Determine i(-26).
75
Let x(p) = p**3 + 3*p**2 - 33*p - 127. What is x(-5)?
-12
Let n(k) = -299*k - 31996. Calculate n(-107).
-3
Let l(b) = -20*b - 33. Give l(-3).
27
Let t(v) = -86*v - 595. Give t(-9).
179
Let z(o) = 4*o**2 - 423*o - 2133. What is z(-5)?
82
Let m(q) = -q**3 + 4*q**2 + 44*q + 2. Give m(9).
-7
Let i(q) = 1204*q - 3612. Determine i(3).
0
Let z(v) = -2*v**2 + 962*v - 3818. Give z(4).
-2
Let x(f) = 3*f**2 + 1565*f + 26707. What is x(-504)?
-5
Let h(y) = 25*y**2 - 213*y + 193. Determine h(1).
5
Let k(o) = 4*o**2 + 585*o - 2968. What is k(5)?
57
Let o(m) = -m**3 - 102*m**2 + 103*m - 185. What is o(-103)?
-185
Let f(s) = -60*s**2 - 358*s + 9. Calculate f(-6).
-3
Let i(l) = l**3 + 8*l**2 - 31*l + 24. What is i(-11)?
2
Let c(t) = 2*t**2 - 142*t - 9805. Give c(-43).
-1
Let f(l) = -17*l**2 - 137*l + 448. What is f(-11)?
-102
Let b(m) = 4*m**2 - 38*m + 74. Determine b(5).
-16
Let y(f) = f**3 - 70*f**2 + 196*f + 324. Give y(67).
-11
Let w(h) = -h**3 + 23*h**2 + 20*h - 153. Determine w(23).
307
Let d(k) = 3*k**3 - 15*k**2 + 16*k - 1. Give d(3).
-7
Let i(l) = -432*l - 9951. Calculate i(-23).
-15
Let o(t) = -4*t**3 - 31*t**2 - 16*t - 20. Calculate o(-5).
-215
Let o(d) = 75*d + 13. What is o(0)?
13
Let q(a) = -78*a - 12. Calculate q(4).
-324
Let z(a) = a**3 - 13*a**2 + 19*a + 27. Determine z(11).
-6
Let t(p) = p**2 + 30*p + 43. Determine t(0).
43
Let n(t) = -t**3 - 81*t**2 + 86*t + 331. Give n(-82).
3
Let p(s) = 2*s**3 + 18*s**2 - 93*s - 837. What is p(-9)?
0
Let p(t) = 261*t + 43325. Calculate p(-166).
-1
Let n(d) = -2*d**3 - 98*d**2 - 93*d + 91. Give n(-48).
-53
Let l(g) = g**2 + 55*g + 190. Give l(-51).
-14
Let w(r) = -8688*r - 43442. What is w(-5)?
-2
Let r(k) = -k**2 + 70*k - 579. Give r(62).
-83
Let l(u) = 16*u**2 + 7*u - 7. Calculate l(2).
71
Let q(x) = 7*x**2 + 29*x + 48. Calculate q(-2).
18
Let f(w) = 2*w**3 - 22*w**2 - 30*w + 72. What is f(12)?
0
Let j(d) = -15*d + 518. What is j(32)?
38
Let n(t) = -8*t**3 - 309*t**2 + 119*t + 93. Give n(-39).
15
Let d(m) = m**2 - 2849*m + 2851. What is d(1)?
3
Let s(u) = 969*u + 3868. What is s(-4)?
-8
Let o(u) = -8*u - 15. Determine o(6).
-63
Let c(j) = -2*j**3 + 18*j**2 - j - 21. Calculate c(7).
168
Let x(u) = -1935*u + 69672. Calculate x(36).
12
Let u(w) = 2*w**2 + 34*w + 203. Give u(-13).
99
Let l(a) = -2*a**2 - 154*a + 1365. Determine l(-85).
5
Let w(z) = -198*z - 4761. Calculate w(-24).
-9
Let v(w) = 15*w**2 + 6*w - 14. Calculate v(2).
58
Let i(n) = -213*n + 35593. Give i(167).
22
Let n(q) = q**3 + 4*q**2 - 11*q + 95. What is n(-8)?
-73
Let h(d) = 25*d**2 - 519*d - 158. Calculate h(21).
-32
Let d(t) = 134*t**2 + 5*t + 28. What is d(2)?
574
Let m(r) = -53*r**2 - 1065*r + 30. What is m(-20)?
130
Let i(o) = 774*o - 3862. Give i(5).
8
Let z(b) = -863*b + 8667. What is z(10)?
37
Let u(n) = -3*n**3 + 50*n**2 + 20*n - 69. What is u(17)?
-18
Let a(t) = -16*t**3 - t**2 + 5*t - 34. What is a(0)?
-34
Let f(o) = -232*o - 980. What is f(-4)?
-52
Let y(w) = 105*w + 578. Determine y(-4).
158
Let i(t) = -t**3 + 28*t**2 - 56*t + 40. Calculate i(26).
-64
Let p(c) = 265*c + 13507. Calculate p(-51).
-8
Let d(u) = -58*u + 2715. Give d(52).
-301
Let q(v) = 107*v - 16. Determine q(4).
412
Let g(z) = -2*z**2 + z + 184. Determine g(10).
-6
Let s(r) = 32*r - 21. What is s(1)?
11
Let n(m) = -2*m**3 + 282*m**2 - 1096*m - 175. Determine n(137).
-175
Let h(d) = -2237*d - 73815. What is h(-33)?
6
Let f(g) = -4*g**3 + 5*g**2 - 5. Calculate f(3).
-68
Let g(v) = v**3 - 5*v**2 - 100. Calculate g(0).
-100
Let d(m) = -11*m**3 + 8*m**2 - m - 3. Determine d(1).
-7
Let f(o) = -o**3 + 40*o**2 + 40*o - 54. What is f(41)?
-95
Let o(q) = -10*q**2 - 8*q - 3. Calculate o(-1).
-5
Let g(k) = -k**3 + 5*k**2 + 16*k - 101. Give g(5).
-21
Let t(r) = -r**3 + 11*r**2 + 31*r + 27. Determine t(15).
-408
Let z(r) = 4*r**2 - 98*r + 419. Give z(18).
-49
Let y(v) = -6*v**3 + 3*v + 220. Give y(0).
220
Let o(t) = 352*t + 4565. Calculate o(-13).
-11
Let n(o) = -o**2 + 77*o + 636. Calculate n(-7).
48
Let i(w) = 16*w + 69. Determine i(10).
229
Let t(o) = 12*o**3 - 108*o**2 - 8*o + 82. What is t(9)?
10
Let j(p) = p**3 - 19*p**2 + 66*p - 44. Determine j(15).
46
Let c(l) = l**2 - 107*l + 2730. Calculate c(43).
-22
Let w(o) = 66*o + 218. Give w(-4).
-46
Let b(h) = -30*h + 555. What is b(15)?
105
Let d(b) = -3*b**3 + 30*b**2 - 38*b + 92. Give d(9).
-7
Let g(s) = -s**3 - 45*s**2 - 348*s + 67. Calculate g(-35).
-3
Let z(b) = -221*b - 202. Determine z(1).
-423
Let t(f) = -11*f**2 + 240*f + 31. Give t(22).
-13
Let c(a) = -a**3 + 6*a**2 + 20*a - 67. Give c(3).
20
Let y(r) = -409*r - 22083. Calculate y(-54).
3
Let h(w) = -w**3 + 28*w**2 - 39*w + 292. Give h(27).
-32
Let c(d) = 210*d - 840. Calculate c(4).
0
Let t(p) = p**2 - 40*p + 72. Calculate t(38).
-4
Let c(k) = 156*k + 727. Determine c(-5).
-53
Let o(a) = 21*a**2 - 108*a - 2. Calculate o(5).
-17
Let s(z) = 9179*z + 55080. What is s(-6)?
6
Let b(m) = 51*m + 6225. Give b(-119).
156
Let s(k) = 163*k - 2113. What is s(13)?
6
Let d(l) = -l**3 - 41*l**2 - 76*l + 120. Determine d(-39).
42
Let o(k) = -k**3 + 21*k**2 - 38*k + 3. Determin